{"id":65,"date":"2026-04-08T19:23:33","date_gmt":"2026-04-08T16:23:33","guid":{"rendered":"https:\/\/bosshotelrize.com\/?page_id=65"},"modified":"2026-04-08T19:23:33","modified_gmt":"2026-04-08T16:23:33","slug":"31-suit-oda","status":"publish","type":"page","link":"https:\/\/bosshotelrize.com\/?page_id=65","title":{"rendered":"3+1 s\u00fcit oda"},"content":{"rendered":"\n<p id=\"p-rc_fe3b17c66118d57a-40\">Geni\u015f aileler veya gruplar i\u00e7in tasarlanan bu odalar maksimum 6 ki\u015filik konaklama kapasitesine sahiptir<sup><\/sup><sup><\/sup><sup><\/sup><sup><\/sup>.<\/p>\n\n\n\n<p id=\"p-rc_fe3b17c66118d57a-41\">Odada iki adet tek ki\u015filik yatak, bir adet \u00e7ift ki\u015filik yatak ve iki adet \u00e7ekyat\/kanepe d\u00fczeni bulunmaktad\u0131r<sup><\/sup><sup><\/sup>.<\/p>\n\n\n\n<p id=\"p-rc_fe3b17c66118d57a-42\">Misafirlerin konforu i\u00e7in klima ve \u0131s\u0131tma sistemleri standart olarak yer al\u0131r<sup><\/sup><sup><\/sup><sup><\/sup>.<\/p>\n\n\n\n<p id=\"p-rc_fe3b17c66118d57a-43\">\u0130leti\u015fim ve medya ihtiya\u00e7lar\u0131 i\u00e7in \u00fccretsiz Wi-Fi, LCD TV ve uydu kanallar\u0131 mevcuttur<sup><\/sup><sup><\/sup><sup><\/sup>.<\/p>\n\n\n\n<p id=\"p-rc_fe3b17c66118d57a-44\">Odalarda mutfak tarz\u0131 bir dizilim (kitchenette), elektrikli su \u0131s\u0131t\u0131c\u0131s\u0131 ve \u00e7ay-kahve seti kullan\u0131ma sunulmu\u015ftur<sup><\/sup><sup><\/sup><sup><\/sup>.<\/p>\n\n\n\n<p id=\"p-rc_fe3b17c66118d57a-45\">\u00d6zel banyolarda du\u015f, banyo buklet malzemeleri ve sa\u00e7 kurutma makinesi haz\u0131r bulunu<\/p>\n\n\n\n<figure class=\"wp-block-image size-large\"><img loading=\"lazy\" decoding=\"async\" width=\"1024\" height=\"683\" src=\"https:\/\/bosshotelrize.com\/wp-content\/uploads\/2026\/04\/DSC06796-1-1024x683.jpg\" alt=\"\" class=\"wp-image-50\" srcset=\"https:\/\/bosshotelrize.com\/wp-content\/uploads\/2026\/04\/DSC06796-1-1024x683.jpg 1024w, https:\/\/bosshotelrize.com\/wp-content\/uploads\/2026\/04\/DSC06796-1-300x200.jpg 300w, https:\/\/bosshotelrize.com\/wp-content\/uploads\/2026\/04\/DSC06796-1-768x512.jpg 768w, https:\/\/bosshotelrize.com\/wp-content\/uploads\/2026\/04\/DSC06796-1-1536x1024.jpg 1536w, https:\/\/bosshotelrize.com\/wp-content\/uploads\/2026\/04\/DSC06796-1.jpg 2048w\" sizes=\"auto, (max-width: 1024px) 100vw, 1024px\" \/><\/figure>\n\n\n\n<figure class=\"wp-block-image size-large\"><img loading=\"lazy\" decoding=\"async\" width=\"1024\" height=\"683\" src=\"https:\/\/bosshotelrize.com\/wp-content\/uploads\/2026\/04\/DSC06799-1-1024x683.jpg\" alt=\"\" class=\"wp-image-53\" srcset=\"https:\/\/bosshotelrize.com\/wp-content\/uploads\/2026\/04\/DSC06799-1-1024x683.jpg 1024w, https:\/\/bosshotelrize.com\/wp-content\/uploads\/2026\/04\/DSC06799-1-300x200.jpg 300w, https:\/\/bosshotelrize.com\/wp-content\/uploads\/2026\/04\/DSC06799-1-768x512.jpg 768w, https:\/\/bosshotelrize.com\/wp-content\/uploads\/2026\/04\/DSC06799-1-1536x1024.jpg 1536w, https:\/\/bosshotelrize.com\/wp-content\/uploads\/2026\/04\/DSC06799-1.jpg 2048w\" sizes=\"auto, (max-width: 1024px) 100vw, 1024px\" \/><\/figure>\n\n\n\n<figure class=\"wp-block-image size-large\"><img loading=\"lazy\" decoding=\"async\" width=\"1024\" height=\"683\" src=\"https:\/\/bosshotelrize.com\/wp-content\/uploads\/2026\/04\/DSC06780-1-1024x683.jpg\" alt=\"\" class=\"wp-image-34\" srcset=\"https:\/\/bosshotelrize.com\/wp-content\/uploads\/2026\/04\/DSC06780-1-1024x683.jpg 1024w, https:\/\/bosshotelrize.com\/wp-content\/uploads\/2026\/04\/DSC06780-1-300x200.jpg 300w, https:\/\/bosshotelrize.com\/wp-content\/uploads\/2026\/04\/DSC06780-1-768x512.jpg 768w, https:\/\/bosshotelrize.com\/wp-content\/uploads\/2026\/04\/DSC06780-1-1536x1024.jpg 1536w, https:\/\/bosshotelrize.com\/wp-content\/uploads\/2026\/04\/DSC06780-1.jpg 2048w\" sizes=\"auto, (max-width: 1024px) 100vw, 1024px\" \/><\/figure>\n\n\n\n<figure class=\"wp-block-image size-large\"><img loading=\"lazy\" decoding=\"async\" width=\"1024\" height=\"683\" src=\"https:\/\/bosshotelrize.com\/wp-content\/uploads\/2026\/04\/DSC06790-1-1024x683.jpg\" alt=\"\" class=\"wp-image-44\" srcset=\"https:\/\/bosshotelrize.com\/wp-content\/uploads\/2026\/04\/DSC06790-1-1024x683.jpg 1024w, https:\/\/bosshotelrize.com\/wp-content\/uploads\/2026\/04\/DSC06790-1-300x200.jpg 300w, https:\/\/bosshotelrize.com\/wp-content\/uploads\/2026\/04\/DSC06790-1-768x512.jpg 768w, https:\/\/bosshotelrize.com\/wp-content\/uploads\/2026\/04\/DSC06790-1-1536x1024.jpg 1536w, https:\/\/bosshotelrize.com\/wp-content\/uploads\/2026\/04\/DSC06790-1.jpg 2048w\" sizes=\"auto, (max-width: 1024px) 100vw, 1024px\" \/><\/figure>\n\n\n\n<figure class=\"wp-block-image size-large\"><img loading=\"lazy\" decoding=\"async\" width=\"1024\" height=\"683\" src=\"https:\/\/bosshotelrize.com\/wp-content\/uploads\/2026\/04\/DSC06789-1-1024x683.jpg\" alt=\"\" class=\"wp-image-43\" srcset=\"https:\/\/bosshotelrize.com\/wp-content\/uploads\/2026\/04\/DSC06789-1-1024x683.jpg 1024w, https:\/\/bosshotelrize.com\/wp-content\/uploads\/2026\/04\/DSC06789-1-300x200.jpg 300w, https:\/\/bosshotelrize.com\/wp-content\/uploads\/2026\/04\/DSC06789-1-768x512.jpg 768w, https:\/\/bosshotelrize.com\/wp-content\/uploads\/2026\/04\/DSC06789-1-1536x1024.jpg 1536w, https:\/\/bosshotelrize.com\/wp-content\/uploads\/2026\/04\/DSC06789-1.jpg 2048w\" sizes=\"auto, (max-width: 1024px) 100vw, 1024px\" \/><\/figure>\n\n\n\n<figure class=\"wp-block-image size-large\"><img loading=\"lazy\" decoding=\"async\" width=\"1024\" height=\"683\" src=\"https:\/\/bosshotelrize.com\/wp-content\/uploads\/2026\/04\/DSC06782-2-1024x683.jpg\" alt=\"\" class=\"wp-image-66\" srcset=\"https:\/\/bosshotelrize.com\/wp-content\/uploads\/2026\/04\/DSC06782-2-1024x683.jpg 1024w, https:\/\/bosshotelrize.com\/wp-content\/uploads\/2026\/04\/DSC06782-2-300x200.jpg 300w, https:\/\/bosshotelrize.com\/wp-content\/uploads\/2026\/04\/DSC06782-2-768x512.jpg 768w, https:\/\/bosshotelrize.com\/wp-content\/uploads\/2026\/04\/DSC06782-2-1536x1024.jpg 1536w, https:\/\/bosshotelrize.com\/wp-content\/uploads\/2026\/04\/DSC06782-2.jpg 2048w\" sizes=\"auto, (max-width: 1024px) 100vw, 1024px\" \/><\/figure>\n\n\n\n<figure class=\"wp-block-image size-large\"><img loading=\"lazy\" decoding=\"async\" width=\"1024\" height=\"683\" src=\"https:\/\/bosshotelrize.com\/wp-content\/uploads\/2026\/04\/DSC06802-1-1024x683.jpg\" alt=\"\" class=\"wp-image-56\" srcset=\"https:\/\/bosshotelrize.com\/wp-content\/uploads\/2026\/04\/DSC06802-1-1024x683.jpg 1024w, https:\/\/bosshotelrize.com\/wp-content\/uploads\/2026\/04\/DSC06802-1-300x200.jpg 300w, https:\/\/bosshotelrize.com\/wp-content\/uploads\/2026\/04\/DSC06802-1-768x512.jpg 768w, https:\/\/bosshotelrize.com\/wp-content\/uploads\/2026\/04\/DSC06802-1-1536x1024.jpg 1536w, https:\/\/bosshotelrize.com\/wp-content\/uploads\/2026\/04\/DSC06802-1.jpg 2048w\" sizes=\"auto, (max-width: 1024px) 100vw, 1024px\" \/><\/figure>\n","protected":false},"excerpt":{"rendered":"<p>Geni\u015f aileler veya gruplar i\u00e7in tasarlanan bu odalar maksimum 6 ki\u015filik konaklama kapasitesine sahiptir. Odada iki adet tek ki\u015filik yatak, bir adet \u00e7ift ki\u015filik yatak ve iki adet \u00e7ekyat\/kanepe d\u00fczeni bulunmaktad\u0131r. Misafirlerin konforu i\u00e7in klima ve \u0131s\u0131tma sistemleri standart olarak yer al\u0131r. \u0130leti\u015fim ve medya ihtiya\u00e7lar\u0131 i\u00e7in \u00fccretsiz Wi-Fi, LCD TV ve uydu kanallar\u0131 mevcuttur. [&hellip;]<\/p>\n","protected":false},"author":1,"featured_media":0,"parent":0,"menu_order":0,"comment_status":"closed","ping_status":"closed","template":"","meta":{"footnotes":""},"class_list":["post-65","page","type-page","status-publish","hentry"],"_links":{"self":[{"href":"https:\/\/bosshotelrize.com\/index.php?rest_route=\/wp\/v2\/pages\/65","targetHints":{"allow":["GET"]}}],"collection":[{"href":"https:\/\/bosshotelrize.com\/index.php?rest_route=\/wp\/v2\/pages"}],"about":[{"href":"https:\/\/bosshotelrize.com\/index.php?rest_route=\/wp\/v2\/types\/page"}],"author":[{"embeddable":true,"href":"https:\/\/bosshotelrize.com\/index.php?rest_route=\/wp\/v2\/users\/1"}],"replies":[{"embeddable":true,"href":"https:\/\/bosshotelrize.com\/index.php?rest_route=%2Fwp%2Fv2%2Fcomments&post=65"}],"version-history":[{"count":1,"href":"https:\/\/bosshotelrize.com\/index.php?rest_route=\/wp\/v2\/pages\/65\/revisions"}],"predecessor-version":[{"id":67,"href":"https:\/\/bosshotelrize.com\/index.php?rest_route=\/wp\/v2\/pages\/65\/revisions\/67"}],"wp:attachment":[{"href":"https:\/\/bosshotelrize.com\/index.php?rest_route=%2Fwp%2Fv2%2Fmedia&parent=65"}],"curies":[{"name":"wp","href":"https:\/\/api.w.org\/{rel}","templated":true}]}}